 Suppose -5*x + 4*h + 6128 = 0, n*x - 12*x - 4*h = -1216. What is the thousands digit of x?
1
Let b(p) = -p**3 + 9*p**2 - 11*p + 6. Let n be b(9). Let t = n + 95. Suppose -3*f + 0*g - 2*g + 209 = 0, 4*f - 274 = t*g. What is the tens digit of f?
6
Suppose 3*l - 3*u + 34 = 232, -2*l - 5*u = -111. What is the units digit of 6/l + 18579/63?
5
What is the units digit of (20641 - 520/10)*(-1)/(-6)*4?
6
Let t = 266 + -156. Suppose 3*g + t = 86. Let b(y) = -8*y - 46. What is the units digit of b(g)?
8
What is the hundreds digit of 81866/10 + (-322)/(-805)?
1
Suppose -21273 + 49123 = 7*c - 54680. What is the tens digit of c?
9
What is the units digit of 2*-28*13452/(-96)?
7
Let f = 27593 + -13426. What is the tens digit of f?
6
Let v be 5 + (-12)/(-10)*110/33. Suppose -21*o = -v*o - 5952. What is the hundreds digit of o?
4
Suppose -13*q + 14*q - 35515 = 4*t, -4*q + 142138 = -3*t. What is the tens digit of q?
3
Let g(b) = 79*b**2 + 72*b + 35. What is the hundreds digit of g(5)?
3
Let x be 2/5 - (6 - 28/5). Suppose 0 = 5*j - x*j - 170. Let w = 81 + j. What is the tens digit of w?
1
Let i(c) = 10*c + 2. Let m be i(-13). Let r = -75 - m. Suppose 0*v - 297 = -5*n + 4*v, -n = -4*v - r. What is the tens digit of n?
6
Let u(b) = -364*b**3 - 3*b**2 - 10*b - 2. Let c be u(-2). Suppose -g = -3*r + 2201, g - c = -4*r - g. What is the tens digit of r?
3
Suppose -28*m + 23*m = -5*w + 10, -10 = 5*w + 5*m. Suppose 3*a - 2092 - 557 = w. What is the hundreds digit of a?
8
What is the tens digit of (20/(-6) + 2)*7880076/(-1104)?
1
Suppose 32*x - 395700 = -8628. What is the thousands digit of x?
2
Let j = -4524 - -12124. What is the thousands digit of j?
7
Suppose -45*p + 49*p = 0. What is the units digit of p/(-2) - ((-5 - 3) + -228)?
6
Suppose 5*l - 24695 - 2525 = 0. What is the units digit of l?
4
Let n(l) = -l**3 + 10*l**2 + 7*l - 2. Let b be n(11). Let d = b + 51. Suppose -z = -d, -2*o - o + z = -154. What is the tens digit of o?
5
Let r be (8/(-3))/((-26)/39). Suppose 3*d = 5*a - 1435, -7*d = -4*a - 2*d + 1135. Suppose -5*v + a = r*w, 5*w = 3*w - v + 148. What is the units digit of w?
5
What is the thousands digit of 12/(-240) - 1929494/(-280)?
6
Suppose -n - 121 = -3*x + 2*x, -3*x + 5*n = -365. What is the hundreds digit of (-41320)/x*-3*1?
0
What is the units digit of (7 + -6)/(663273/(-165819) - (-72)/18)?
3
Let z = 53 - 51. Suppose -z*r - 1133 = -g, 3*r + 3390 = 3*g - 0*g. Suppose -5*x + g = 3*q, 0 = 4*x + 4*q - 7*q - 880. What is the units digit of x?
3
Let u(m) = 374*m**2 - 3*m - 2. Let x be u(-1). Let s = x + -253. What is the hundreds digit of s?
1
Let r be ((-22)/4)/(9/6 + -2). Suppose r*d = 13*d - 156. Suppose -b = -2*k - d, -k - 14 - 68 = -b. What is the tens digit of b?
8
Let q(h) = -h**3 - 5*h**2 - 9*h - 12. Let y(o) = o**2 + 2*o - 3. Let a be y(-3). Suppose 0*k - 7*k - 42 = a. What is the units digit of q(k)?
8
Suppose -23*v - 101*v + 1864588 = 0. What is the hundreds digit of v?
0
Let i(s) = -13*s + 5*s + 12 + 11*s. Let c be i(-4). Suppose -2*y + 2*d + 418 = c, 4*y + 2*d = -78 + 914. What is the units digit of y?
9
Let j = 45 - 45. Suppose -2 = -g - 5*h, 2*g - h + 2*h - 4 = j. Suppose -157 = -z - 5*t, g*t = 5*z - 2*t - 930. What is the hundreds digit of z?
1
Suppose 77*l = 62*l - 5130. Let g = -322 - l. What is the tens digit of g?
2
Let w = -988 - -9492. What is the tens digit of w?
0
Let i(o) = 18*o**2 + 36 - 7*o - 15*o**3 + 11*o**2 + 14*o**3 - 47*o. What is the tens digit of i(27)?
3
Let j(b) = -1308*b + 11223. What is the hundreds digit of j(-39)?
2
Let l(w) = 2431*w - 613. What is the thousands digit of l(3)?
6
What is the units digit of 12 + 805/(-69) - (-110297)/3?
6
Suppose z + 3*y = -7, -2*z + 2*y = z - 1. Let q = z - -19. Let w(s) = -s**2 + 22*s - 6. What is the units digit of w(q)?
6
Let r be (19/1)/(0 + 1). Suppose 407 = -5*s - 3*v + 96, -3*v = -s - 55. Let o = r - s. What is the units digit of o?
0
Suppose 15*s = 737 + 1093. Let l = -87 + s. What is the tens digit of l?
3
Let g = 1498 - -25602. What is the hundreds digit of g?
1
Suppose -98*j = 186664 - 3783656. What is the units digit of j?
4
Let f = -117 + 1005. Let y = 1407 - f. What is the tens digit of y?
1
Suppose -2*b + u = -764, 3*b + 4*u - 1159 = -u. Let m = 162 + b. What is the tens digit of m?
4
Let s(t) = -t + 1. Let y be s(-9). Suppose 0 = -4*q - y*q + 322. Suppose -17*n - 1260 = -q*n. What is the units digit of n?
0
What is the units digit of (-1)/2 + 11/(308/357518) - -7?
5
Let m = 5449 - 918. What is the units digit of m?
1
Suppose 4*k = -3*n + 1651 + 11732, -2 = -2*n. What is the units digit of k?
5
Let j be 1 - (-8 + 4) - -1095915. What is the hundreds digit of j/1133 - 6/22?
9
Let k be (-8)/32 + (735/(-12))/7. Let t(w) = -w**3 - 8*w**2 - 22*w - 19. What is the tens digit of t(k)?
6
What is the tens digit of (251195/175 - (-4 + 0))*5?
9
Let y be 12/(-4) - (-1 - -2). Let z be y/(-16)*2*(51 - 1). Suppose -27*s = -z*s - 276. What is the tens digit of s?
3
Let t = -10 + 16. Suppose 4*p - 1913 = -p - 4*o, t*p - 4*o = 2322. What is the hundreds digit of p?
3
Let h = -128 - -466. Let l = -145 + h. What is the units digit of l?
3
Let f be (-2*1348/(-32) - -3)*12. Let h = 418 - f. Let m = -421 - h. What is the hundreds digit of m?
2
Let l = 34 + -31. Let m be (-8 - l/(-3))*1. Let o = 33 + m. What is the units digit of o?
6
Suppose l = 2*l - 359. Suppose 0 = 4*x - 5*i + l + 64, 3*x = -5*i - 361. Let t = -13 - x. What is the tens digit of t?
9
Let w be (-84)/(-108) - 4/(-18). What is the units digit of -1 - w - (-385 - -1)?
2
Let y(x) = 6*x**2 - 2*x + 1. Let t be y(1). Suppose t*o - 1539 = -3*a + 2*o, 4*a = 3*o + 2045. What is the units digit of a?
2
Let u(l) = -3*l**3 - 3*l**2 + 7*l - 1. Let b be u(-5). Let n be 138/1*(b/16)/1. Suppose -c + 10*c = n. What is the units digit of c?
3
Suppose -11*q - 447 = -12*q. Let o = q + 190. What is the tens digit of o?
3
Let s be (12/(-10))/((-9)/(-765)). Let o = 386 + s. What is the tens digit of o?
8
Suppose -3*a - l = -119, -a + 3*l = -28 - 15. What is the hundreds digit of 11928/a + (-1)/(-2 + 7)?
2
Let y be -24 - (-10 + 1)/(-9). What is the units digit of 2155/(-105)*y - 6/63?
3
Suppose -3*y = -i - 3*i - 14, 3*i = -15. Let a = 21 - 22. What is the tens digit of y + -1 + a + 1 - -43?
4
Suppose 4*m + m - 5750 = 0. Suppose -y + p + 627 - 54 = 0, -2*y = -3*p - m. What is the hundreds digit of y?
5
Let m = 10225 + -9111. What is the tens digit of m?
1
Let x = 2930 - 1988. Suppose -11*g + 6186 = -x. What is the tens digit of g?
4
Let z(b) = -b**3 - 4*b**2 + 11*b + 42. Let j be z(-5). What is the hundreds digit of (j - 63/7) + 1365?
3
Let b(v) = v**3 - 4*v**2 + 3*v - 9. Let z be b(16). Let h = 4917 - z. What is the units digit of h?
6
Let p = -156 + 144. Let d(r) = r**2 + 7*r + 12. What is the units digit of d(p)?
2
Let n be 32/(-16) + (-2 - -4). Suppose n = -25*t + 6162 + 12938. What is the tens digit of t?
6
What is the thousands digit of (58096/20)/(11 - 810/75)?
4
Suppose -m + w + 151 = -12, -3*w - 651 = -4*m. Let u = 664 - m. What is the hundreds digit of u?
5
Let n(r) = -r + 23. Let u be n(14). Let l be ((-248)/(-6) - -1) + (-3)/u. Suppose 3*x - l = -6. What is the tens digit of x?
1
Suppose 0*k + 0*k = 16*k - 430688. What is the thousands digit of k?
6
Suppose -26*s + 23*s + 110700 = 2*r, 276658 = 5*r - 4*s. What is the hundreds digit of r?
3
Let a(n) = -27869*n - 1426. What is the hundreds digit of a(-2)?
3
Suppose 6*g = -2*d + 4*g - 12, -g = -2*d - 18. What is the tens digit of (198 - (3 - 6))*d/(-12)?
3
Let x = -6 - -8. Suppose -926 - 355 = -7*n. Suppose 3*w + 0*w = -3, -x*w + n = 5*s. What is the units digit of s?
7
Suppose -37*l + 30*l = -91. Let p = 13 - l. What is the hundreds digit of 3 + 226 + 0 - p/(-2)?
2
Let s = 76209 - 37526. What is the hundreds digit of s?
6
Suppose 60341 = 3*y - r + 19351, 2*y + 4*r - 27322 = 0. What is the tens digit of y?
6
Let b(k) = k**3 - 3*k**2 - 7*k + 12. Let r be b(4). Suppose 143*g - 116*g - 29646 = r. What is the units digit of g?
8
Suppose 4*l = 3*v + 54 + 44, 44 = 2*l + v. Let c = l - 24. What is the tens digit of (966/(-70))/(c/5)?
6
Let l = 130 - 115. Suppose 11400 = l*m + 23*m. What is the units digit of m?
0
Let o(l) = -2*l**2 + 15*l - 10. Let d be o(4). Suppose 0 = 2*c + 4*v - 530, 5*c